the prime factors of 402381342?
2, 3, 11, 271, 7499
List the prime factors of 71286598.
2, 79, 451181
List the prime factors of 891352517.
11, 17, 31, 179, 859
List the prime factors of 48904613.
19, 2573927
List the prime factors of 615899992.
2, 601, 128099
List the prime factors of 248260888.
2, 1907, 16273
List the prime factors of 141599884.
2, 1423, 24877
What are the prime factors of 3480199690?
2, 5, 11, 23, 463, 2971
What are the prime factors of 1581142033?
431, 3668543
What are the prime factors of 386673778?
2, 193336889
What are the prime factors of 824223469?
23, 113, 307, 1033
What are the prime factors of 88555677?
3, 7, 4216937
What are the prime factors of 3300031?
7, 89, 5297
What are the prime factors of 337186209?
3, 112395403
List the prime factors of 371113449.
3, 7, 17672069
List the prime factors of 1761406571.
19, 37, 2505557
List the prime factors of 1397995300.
2, 5, 13, 19, 56599
What are the prime factors of 67320232?
2, 7, 1202147
What are the prime factors of 3955563193?
47, 3709, 22691
What are the prime factors of 53966575?
5, 13, 47, 3533
What are the prime factors of 231819422?
2, 103, 937, 1201
List the prime factors of 51830471.
7, 11, 5563
List the prime factors of 167008537.
19, 8789923
What are the prime factors of 602064077?
19, 23, 67, 20563
What are the prime factors of 1851098460?
2, 3, 5, 30851641
List the prime factors of 5423792.
2, 11, 30817
List the prime factors of 93129739.
93129739
What are the prime factors of 38352857?
127, 301991
What are the prime factors of 60501448?
2, 7, 1080383
What are the prime factors of 509097727?
509097727
What are the prime factors of 95586650?
2, 5, 1911733
List the prime factors of 39153561.
3, 13051187
What are the prime factors of 66943775?
5, 41, 241, 271
What are the prime factors of 234967572?
2, 3, 7, 179, 5209
What are the prime factors of 2665155705?
3, 5, 17, 23, 454417
List the prime factors of 1370361425.
5, 54814457
List the prime factors of 2644076240.
2, 5, 13, 37, 68713
List the prime factors of 70006575.
3, 5, 933421
List the prime factors of 1185695.
5, 7, 19, 1783
List the prime factors of 31027891.
31027891
What are the prime factors of 63721144?
2, 541, 14723
What are the prime factors of 2975261854?
2, 1487630927
What are the prime factors of 54945585?
3, 5, 47, 83, 313
List the prime factors of 105663872.
2, 31, 859
List the prime factors of 39688488.
2, 3, 7, 26249
What are the prime factors of 190986690?
2, 3, 5, 6366223
List the prime factors of 47906139.
3, 67, 238339
What are the prime factors of 759914287?
11, 229, 301673
What are the prime factors of 739525920?
2, 3, 5, 7, 89, 2473
List the prime factors of 1014357894.
2, 3, 11, 547, 28097
What are the prime factors of 139939408?
2, 7, 19, 65761
List the prime factors of 2006602579.
39229, 51151
What are the prime factors of 518803683?
3, 19, 9101819
What are the prime factors of 158185799?
17, 71, 83, 1579
What are the prime factors of 10136375?
5, 83, 977
What are the prime factors of 348106640?
2, 5, 7, 621619
What are the prime factors of 5060539221?
3, 3461, 487387
List the prime factors of 3607282.
2, 7, 36809
List the prime factors of 180230542.
2, 19, 4742909
List the prime factors of 60234197.
433, 139109
List the prime factors of 92927168.
2, 17, 85411
What are the prime factors of 1877839031?
1877839031
What are the prime factors of 263704170?
2, 3, 5, 17, 517067
What are the prime factors of 2101907746?
2, 1050953873
List the prime factors of 46595758.
2, 11, 103, 20563
List the prime factors of 506045881.
11, 46004171
List the prime factors of 458285307.
3, 31, 4927799
List the prime factors of 221498434.
2, 349, 317333
What are the prime factors of 816666230?
2, 5, 17, 4803919
What are the prime factors of 561134612?
2, 7369, 19037
List the prime factors of 2650834726.
2, 29, 45704047
What are the prime factors of 812463341?
53, 15329497
List the prime factors of 7035713925.
3, 5, 17, 29, 190283
What are the prime factors of 245584380?
2, 3, 5, 17, 240769
What are the prime factors of 3922757?
41, 241, 397
List the prime factors of 5236284434.
2, 4327, 605071
List the prime factors of 73880301.
3, 11, 23, 8849
List the prime factors of 257083756.
2, 19, 43, 97, 811
List the prime factors of 2657774488.
2, 41, 8102971
List the prime factors of 223035864.
2, 3, 9293161
What are the prime factors of 1967920391?
17, 115760023
List the prime factors of 585004581.
3, 7, 593, 2237
What are the prime factors of 569935180?
2, 5, 28496759
List the prime factors of 46605720.
2, 3, 5, 7, 113, 491
What are the prime factors of 225063107?
491, 458377
List the prime factors of 70477580.
2, 5, 17, 207287
List the prime factors of 9100066.
2, 17, 267649
List the prime factors of 1700581.
137, 12413
What are the prime factors of 194719721?
7, 53, 157, 3343
What are the prime factors of 68107250?
2, 5, 89, 3061
What are the prime factors of 104054496?
2, 3, 7, 13, 43, 277
List the prime factors of 27152632.
2, 13, 131, 1993
List the prime factors of 38897494.
2, 19448747
List the prime factors of 102937807.
7, 14705401
What are the prime factors of 81940645?
5, 1249, 13121
What are the prime factors of 11426402?
2, 13, 79, 5563
What are the prime factors of 67348482?
2, 3, 659, 17033
List the prime factors of 119075203.
13, 83, 653
List the prime factors of 754052511.
3, 12413, 20249
List the prime factors of 66455367.
3, 11, 37, 1471
What are the prime factors of 43001036?
2, 13, 63611
List the prime factors of 36984045.
3, 5, 7, 352229
What are the prime factors of 310579383?
3, 103526461
What are the prime factors of 95814186?
2, 3, 13, 131, 9377
What are the prime factors of 2011284914?
2, 103, 461, 21179
List the prime factors of 192947191.
157, 1228963
What are the prime factors of 628837433?
7, 19, 509, 1327
List the prime factors of 512403103.
17, 149, 202291
List the prime factors of 7008198223.
13, 539092171
What are the prime factors of 490569698?
2, 245284849
What are the prime factors of 341362094?
2, 19, 1759, 5107
What are the prime factors of 912152032?
2, 11, 23, 61, 1847
List the prime factors of 559167422.
2, 11, 3929, 6469
What are the prime factors of 107098485?
3, 5, 13, 307, 1789
List the prime factors of 493660089.
3, 13, 31, 71
List the prime factors of 24426708.
2, 3, 59, 34501
List the prime factors of 849328557.
3, 7, 11, 19, 193513
List the prime factors of 2530673073.
3, 547, 514051
List the prime factors of 97161861.
3, 29, 443, 2521
What are the prime factors of 168928997?
23, 7344739
What are the prime factors of 75932715?
3, 5, 5062181
List the prime factors of 3852887418.
2, 3, 71349767
What are the prime factors of 4295172986?
2, 13, 165198961
List the prime factors of 245653901.
223, 1101587
What are the prime factors of 1731320016?
2, 3, 36069167
What are the prime factors of 608226348?
2, 3, 50685529
List the prime factors of 21166472.
2, 2645809
List the prime factors of 125161019.
641, 195259
What are the prime factors of 281273190?
2, 3, 5, 11, 677, 1259
List the prime factors of 753044971.
7, 17, 6328109
List the prime factors of 112862069.
53, 2129473
List the prime factors of 160833203.
1861, 86423
What are the prime factors of 27772615?
5, 13, 23, 1429
List the prime factors of 24255862.
2, 1399, 8669
What are the prime factors of 144504881?
144504881
List the prime factors of 175297297.
7, 25042471
What are the prime factors of 439345538?
2, 2971, 73939
What are the prime factors of 26560385?
5, 19, 279583
List the prime factors of 621540358.
2, 191, 1627069
List the prime factors of 5798283.
3, 1932761
List the prime factors of 2249535599.
2249535599
What are the prime factors of 59867820?
2, 3, 5, 31, 10729
What are the prime factors of 17163087?
3, 5721029
List the prime factors of 32437720.
2, 5, 7, 115849
List the prime factors of 1061756854.
2, 530878427
List the prime factors of 6622405221.
3, 127, 17381641
What are the prime factors of 517319118?
2, 3, 19, 1512629
What are the prime factors of 1830988925?
5, 79, 927083
List the prime factors of 20073880.
2, 5, 19, 61, 433
What are the prime factors of 276064804?
2, 29, 211, 11279
What are the prime factors of 198420200?
2, 5, 11, 90191
What are the prime factors of 736974782?
